ommon divisor of u and p?
27
Suppose 4 = 5*l + 19, 2*l = -4*u + 178. Calculate the greatest common divisor of 1104 and u.
46
Let p(b) = -25*b - 29. Let c be p(-3). Calculate the highest common divisor of c and 92.
46
Let r be ((-324)/(-63))/(-2 + (-31)/(-14)). Let i = 174 + -78. What is the greatest common divisor of r and i?
24
Let j be ((-120)/18 - -6)/((-2)/27). What is the greatest common factor of j and 333?
9
Let j be -3*(-2 + 2/(-3)). Let n(c) be the third derivative of c**5/10 + c**4/4 - 11*c**2 - 2*c. Let x be n(-4). Calculate the highest common factor of x and j.
8
Let n(v) = v**3 + 13*v**2 - 39*v - 27. Let f be n(-15). What is the highest common divisor of 84 and f?
12
Let p(l) = l**2 + 6*l + 1. Let f be p(-8). Let n be f/(-34) + (-109)/(-2). What is the greatest common factor of n and 6?
6
Suppose -3*y + 8 = -4*j, -y - 4*j - 1 = -9. Let h be 1/y + (6780/16 - 6). Calculate the greatest common divisor of 38 and h.
38
Let x be (13/(-3))/(3/(-9)). Let b(a) = -14*a + 3. Let t be b(-10). What is the greatest common factor of x and t?
13
Let f be (-12)/8 + 1 + 156/8. Calculate the greatest common factor of f and 19.
19
Let v = -30 + 30. Suppose v = -2*j + 17 + 21. Calculate the highest common divisor of 76 and j.
19
Suppose 0 = -0*a + a. Suppose -5*j + 0 - 40 = a. Let o be (-52)/j*2 + -2. What is the highest common factor of 33 and o?
11
Let d be 28/(-63) - (-5)/(225/380). What is the highest common factor of 10 and d?
2
Suppose 47 = 4*k - 9. Suppose -48 = -h + 2*o, o - 2*o - 129 = -3*h. Calculate the highest common factor of h and k.
14
Let y be ((-3)/(-4))/((-18)/(-24)). Suppose -2*v = 3*v - 85. What is the greatest common divisor of v and y?
1
Suppose v - 41 - 14 = 0. Suppose x = 4*d - d - 48, 4*d + 144 = -4*x. Let j = x - -61. Calculate the greatest common factor of j and v.
11
Suppose 69*w - 992 = 7*w. What is the greatest common factor of w and 432?
16
Let w(y) = y**3 - 4*y**2 - 11*y - 6. Let j be w(6). Suppose 2*o = 3*n + 1 + 10, -3*o + n + 34 = j. Calculate the highest common factor of 52 and o.
13
Suppose 0 = 3*u + 101 - 365. Let h = -8 + 12. Suppose -h = -2*t, -3*q - 3*t - 16 = -5*q. What is the highest common divisor of u and q?
11
Let n = 1006 + -1002. What is the highest common divisor of n and 38?
2
Let z(h) = 12*h - 3. Let u be (-1)/(2/(-4)) + 2. Let a be z(u). Let p be (-1235)/(-133) + 2/(-7). What is the highest common factor of a and p?
9
Suppose 39*g + 9*g - 7776 = 0. Calculate the highest common factor of 12 and g.
6
Let i be 132*((-4 - 1) + 264/48). What is the greatest common divisor of 44 and i?
22
Let m(b) = 46*b + 828. Let u be m(0). Calculate the highest common factor of 46 and u.
46
Let s be 30/6 - 4 - 1078/(-2). What is the greatest common divisor of 60 and s?
60
Let h be ((-8)/(-84)*9)/(2/7). Let s = 1 + -6. Let i be (1/2)/(s/(-10)). Calculate the greatest common factor of h and i.
1
Let g be (48/(-40))/((-1)/(-5)). Let o = g + -1. Let w be ((-12)/o)/(2/7). Calculate the highest common factor of 66 and w.
6
Let p(j) = 8*j + 4. Let k be p(4). Suppose 3*l = -5*x + 22, -5*l + 16 = -4*x + 4. Suppose 0 = 2*c + x*c - k. Calculate the greatest common factor of c and 9.
9
Let w be (-108)/1*(-233)/699. Calculate the highest common factor of 243 and w.
9
Let k(i) = -i**3 + 3*i - 4. Let q be k(-4). Let b = -84 - -154. Suppose 5*c - b = 5*g, g = -c - c + 34. Calculate the highest common divisor of q and c.
16
Let x(c) = -39*c - 4. Let k be x(-4). Let j = -902 - -921. What is the greatest common factor of k and j?
19
Let m(u) = 18*u**2 - 645*u - 3. Let i be m(36). Calculate the greatest common factor of i and 195.
15
Let a = 60 + -59. Let z be 4 + 3 + a + 48. What is the highest common divisor of 8 and z?
8
Let p be (-5 + 3)*(-14)/4. Let f be 236/3 - (-30)/(-45). Suppose w + f = p*w. What is the greatest common factor of w and 78?
13
Let s be 26/143 - (3 - 19796/22). What is the greatest common divisor of 13 and s?
13
Suppose 0 = -55*k + 461 + 34. What is the greatest common divisor of k and 16?
1
Suppose -2*j = -6*j - 980. Let c = j + 537. Let w = -168 + c. What is the greatest common factor of 31 and w?
31
Suppose -31 = -n - 27. What is the highest common factor of 18 and n?
2
Let x be 3/(-96)*-8 - 1143/(-4). Calculate the greatest common divisor of 88 and x.
22
Let b = 998 + 199. What is the greatest common divisor of 189 and b?
63
Let o = 41 - 19. Let j(s) be the first derivative of -s**4/4 - 2*s**3/3 - s**2/2 - 3*s + 3. Let r be j(-4). Calculate the greatest common divisor of o and r.
11
Let q(l) = -3*l**2 - 50*l - 5. Let u be q(-16). Calculate the greatest common factor of u and 99.
9
Let n be ((-9)/(-2))/((-12)/880*-5). Calculate the highest common divisor of 6 and n.
6
Let k = -14 + 33. Let r = 31 - k. Let z(q) = 5*q + 3. Let l be z(r). What is the highest common factor of l and 21?
21
Let c be 2/(-7) + 1326/(-14). Let i = -63 - c. Calculate the greatest common divisor of 4 and i.
4
Let a = -11 - -19. Suppose 2*m - 6*m - a = 0. Let j(q) = 11*q**2 + 3*q + 2. Let u be j(m). What is the highest common divisor of 5 and u?
5
Let r = -1865 + 2189. Calculate the greatest common factor of r and 36.
36
Let u = 1887 - 1652. What is the highest common factor of u and 94?
47
Suppose -h = 5*r - 10, -3*r - 14 - 3 = -4*h. Let q = -13 - -16. What is the greatest common divisor of q and r?
1
Let o be -1 + (-1 + -1 - -21). Suppose 2*m = -4*j + 32, -130*m - 5*j = -128*m - 31. What is the greatest common divisor of o and m?
18
Let g(r) = 2*r**2 + 4*r - 2. Let a be g(-3). Suppose -a*n = -8*n + 16. What is the highest common factor of 36 and n?
4
Suppose 22 = 20*m - 18*m. Suppose -4*c = m*c - 150. Suppose -5*t = -32 + 7. What is the highest common factor of t and c?
5
Let n be (66/9 + -8)*(-18)/2. Let k(m) = -3*m**3 - m**2 + 3*m + 3. Let s be k(-3). What is the highest common factor of s and n?
6
Suppose 2*b + 3*u - 66 = 48, 0 = -5*b - 4*u + 285. Suppose 4*n - 4*w + b = 385, -2*n + 162 = -w. Calculate the highest common factor of n and 10.
10
Suppose 5*j = 22 + 33. Let k be -3 - -4 - -7*j. Calculate the greatest common divisor of k and 52.
26
Suppose 492*o - 486*o = 15402. Calculate the highest common divisor of o and 17.
17
Suppose -4*y - 90 = -7*y. Suppose 4*p = -5*k - 263, -k + 124 = -2*p - 5*k. Let n be p/(-5) - (-18)/y. What is the greatest common divisor of n and 120?
15
Suppose -75 = -731*i + 730*i. What is the greatest common divisor of 45 and i?
15
Suppose 0 = -26*z - 855 + 3767. What is the greatest common factor of z and 16?
16
Suppose 0 = -3*f - i + 116, -f - 10 = -i - 54. Let u be (-320)/140*28/(-16). What is the highest common divisor of u and f?
4
Let k = -8 - -12. Let c be (24/15)/k - 56/(-10). Calculate the greatest common divisor of 78 and c.
6
Let k = 136 + -46. Suppose -2*r = r - k. What is the greatest common factor of r and 330?
30
Suppose 4*j - 3664 = -4*j. Let u be (-8)/(-12) - j/(-6). Let g be 11/(-2)*(1 + -3). Calculate the greatest common factor of u and g.
11
Let u be -72*(75/(-20) + 3). Let q(r) = -23*r - 5. Let o be q(-1). Calculate the highest common factor of o and u.
18
Let w be ((-12)/(-9))/(4/522). Suppose 2030 = 28*r + 7*r. What is the greatest common divisor of r and w?
58
Suppose -3*b = -2*s - 10, -11 = -8*s + 9*s - 3*b. Calculate the highest common divisor of 141 and s.
1
Let g(c) = -c**2 + 39*c + 3. Let u be g(39). Calculate the highest common factor of 303 and u.
3
Let a be (611 - -1)*19/57. Calculate the highest common divisor of a and 48.
12
Let k = 51 - 55. Let p be (-15)/1*(0/k - 2). Calculate the greatest common factor of 20 and p.
10
Let d be 899/145 + 4/5. What is the highest common divisor of d and 11?
1
Suppose s = -5*o + 91, -5*s - 2*o - 145 + 485 = 0. Suppose 16*r - 10*r = s. What is the highest common factor of r and 11?
11
Let a = 4506 - 4426. Suppose -4*p = -25 - 15. Calculate the highest common factor of p and a.
10
Let n = 122 - 283. Let h = 462 + n. Calculate the greatest common factor of 43 and h.
43
Let g be (-2)/4 - 18/(-4). Let u be (-1143)/127 + (0 - 122)/(-2). Calculate the greatest common divisor of u and g.
4
Suppose 0 = 5*q - 20, 5*t + 8 = 9*t - 2*q. Calculate the greatest common factor of t and 292.
4
Let a(p) = p**2 + 5*p - 4. Suppose 4*t + w = -32, 5*t - 2*w - w 